 12 + 16 + 16 + -9 + 9?
44
Evaluate 1 + -98 + (34 + (6 - 6) - 33).
-96
What is 71 + (-17 - ((5 - (1 + 5 + 4)) + -5))?
64
Evaluate -15 - (-4 + (-1 - 5 - (125 + -78)) - -10).
32
Evaluate -344 + 319 - ((-93 - -1) + 5).
62
What is the value of -24 - (-3 - -4 - (-26 - (12 + (17 - 44))))?
-36
What is the value of 110 - (-52 - -194 - 10)?
-22
What is 49 + 12 + -55 - (4 + -4 + 54)?
-48
Evaluate (-9 + (8 - -3) + -8 - -3) + -1.
-4
Evaluate -2 - -60 - (-40 + -38 + (135 - 44)).
45
Calculate 113 - 36 - (7 + 14).
56
What is -1 - -1 - -6 - (71 - (-33 - -44))?
-54
9 - 0 - ((-108 - -92) + -11 + 32)
4
What is the value of (3 - (68 - 0) - -4) + (-2059 - -2049)?
-71
What is the value of 116 - (-65 + 199) - (16 + -1 - 3)?
-30
What is -6 + 3 + -1 + (1 - 24)?
-27
What is 23 - 1 - (-110 + (-261 - -389))?
4
What is the value of (-7 + 2 - (1 + 10)) + 49 + 30?
63
Evaluate -42 + 52 + (-5 + 1 - (11 - 12)).
7
What is 28 - (23 + 0 - (11 - -14))?
30
What is (-22 - (-3 - 3)) + (-23 - -14) + 17?
-8
Calculate (-9 - ((12 - 5) + 5)) + -10.
-31
What is the value of -1 + -73 - (10018 - 10030)?
-62
Evaluate 35 + -11 + 0 + (-26 - -11).
9
Calculate (139 - 107 - 15) + (-5 - 0) + 1.
13
What is -41 + (3 - -1 - 0) - (-53 + 59)?
-43
Calculate (22 - (17 + -10)) + -30 - -2.
-13
What is the value of 157 - 20 - (105 + 6)?
26
-64 + (74 - 49) + (3 - 3) + 2
-37
Calculate 19 + 0 + 19 + (107 - 114).
31
What is 92 + -49 - -28 - 33?
38
What is the value of (4 + -10 + -11 - -15) + -41?
-43
Evaluate -54 + (-7 - ((11 - -5) + -39)).
-38
Calculate 10 + 0 + 3 + -5 - ((123 - 99) + -95).
79
(2509 - 2410) + (5 - (33 + -5))
76
1 + -7 - (-2 + (14 - -33))
-51
Evaluate -1 - -5 - (21 + 13 + (-27 - -2)).
-5
Calculate 11 - ((-20 - (-36 - -15)) + (-23 - 4) - 6).
43
Evaluate -117 + 46 + (67 - 111).
-115
Evaluate (12 - (7 + -18 - -12)) + -15.
-4
1811 - 1790 - (-3 - 0)
24
(2 - -1 - -12) + -13602 + 13584
-3
-82 - -4 - (692 + -635 + 0 + -41)
-94
-18 + -5 - (-18 - -31)
-36
What is the value of (4 - 1) + -9 + (-5 - (-1 - 33))?
23
1 + 16 + (-5 - (-70 - -115))
-33
Calculate (6 - 36) + 27 - ((53 - (3 - 4)) + 1).
-58
Evaluate 8 + (-26 - 2) + (-132 - -148).
-4
Calculate -1 - (0 + -4) - (129 - (79 + -19)).
-66
What is (-3 - -50 - -3) + 16 + -15 + 21?
72
Calculate 48 + (-43 - (54 - 43)).
-6
What is the value of (10 + 0 + -10 - 4) + 14 + (-15 - -55)?
50
Evaluate (-9 - 0) + -1286 + 1344.
49
Evaluate (1 - -11) + 67 + 77 + -136.
20
What is the value of (13 + (-2 - 1) - (-17 + 0 - -31)) + 13?
9
What is the value of 35 - (-10 - (8 + 4 + -2))?
55
What is the value of 13 + 15 + -24 - 22 - -61?
43
Calculate -36 + (9 - -6) + 3 + -109.
-127
Calculate -16 - (10 + (10 - (14 + 0 + 9))).
-13
Calculate (6 - 31) + -13 + 9 + 2 + 9 + -12.
-30
What is the value of 55 - -1 - (1 + 16 - (40 - 26) - -7)?
46
Calculate 100 - (-17 + 6 + 6 - (-48 - -30 - -15)).
102
What is (-17 - (-24 + 1)) + -27 + (-5 - -138)?
112
Evaluate 95 + 78 + -49 + -73.
51
What is (-73 - -50) + 25 - -37?
39
-105 - -36 - ((-20 - -19) + -6)
-62
Evaluate -1374 - -1479 - (40 + -2).
67
14 - ((6 - -7) + (11 + -1 - 13))
4
(363 - 384) + (2 + -4 - 12)
-35
What is the value of 35 - (80 + 52 + -110)?
13
Calculate -100 + (46 - (-35 + 42) - (20 + -2)).
-79
Calculate -6 + (-1 - 2) + -103 + 91.
-21
What is (1 + -2 - 69) + (2 - -1) + (307 - 302)?
-62
5 - ((-24 - -14 - -14) + -4)
5
What is the value of 63 + (3 + 0 - (10 + 23 - 21))?
54
What is the value of (3 - -13) + -565 + 544 + (-1 - -4)?
-2
Calculate (-24 - (49 - 71)) + 8.
6
What is the value of -35 + 71 + -15 - (1 - 27)?
47
What is (-3 - 58) + (3 - 4) + 22?
-40
Calculate 5 + 1 + 44 + 1 + -8 + (-104 - -107).
46
-59 + (84 + -71 - (26 - 3) - -26)
-43
What is -23 + (-17 - -4 - -9) + 16?
-11
Evaluate 2 + 0 + (-16 - -5) - (-54 - -51) - 14.
-20
Calculate -69 + 117 + (9 - 64).
-7
Evaluate -3 + (40 - 22 - -3) + 16.
34
108 + 21 + -100 + 23
52
23 - (-25 + 33 - 23)
38
What is the value of 43 + (-33 - (2 + 6)) + (81 - -1)?
84
What is the value of -54 + -3 + (93 + -82 - 51)?
-97
Evaluate 138 - 88 - 65 - (1 - 21).
5
What is 9 + 6 - 12 - (6 - (-23 - 86))?
-112
What is -27 - 57 - -65 - -38 - (0 + 125)?
-106
-29 + (-12 + -8 - -64)
15
Evaluate -15 + -10 - -11 - -3 - (2 + -2) - -84.
73
Calculate -7 + (0 - (0 + 1 - (-147 - -146))).
-9
-38 + 43 + (-3 - 2) - (-14 + (4 - -5))
5
What is the value of -59 + -13 + 45 - (1 + (2 - (-6 - -3)))?
-33
Evaluate 5 + (-57 - -27) + (-42 - -3) - (-1 + 14).
-77
What is -22 + (0 - (-4 + 3 + 8 + -20))?
-9
Calculate 1 + 93 + (30 + -1 + -20 - -7).
110
Evaluate 2 + -2 + 9 + 4 - (-744 - -808).
-51
-2 + -37 + (13 - 23 - -21 - (2 - -12))
-42
Calculate 2 + -4 + -6 + 2 - (117 + 23 + -14).
-132
Evaluate -12 - ((2349 - 2267) + (-1 + 3 - 0)).
-96
What is the value of 12 + -96 + (61 - -23)?
0
What is the value of (25 - -1) + (786 - 749) + (3 - 57)?
9
(10 - 62) + (36 - 22)
-38
-28 - (-1 + -21 - (169 + -108))
55
Evaluate -1181 + 1160 + (1 + -4 - -2).
-22
What is 70 - (-5 + (-34 - -19) + 0)?
90
What is the value of -476 + 460 - (-57 + 4)?
37
Calculate -38 + (11 - -19) - (-1 - 3 - -8 - 53).
41
What is the value of 46 - (64 - (-63 + 130))?
49
What is (1 - -15) + 1513 + -1488?
41
23 + -28 + 22 + -15 - -44
46
What is the value of (5 - 24) + (-78 - (13 - 16 - 10))?
-84
Evaluate 49 - (-66 - (-5 + -93)).
17
What is (2 - 108) + (-10601 - -10840)?
133
-67 + 38 - (-85 + 19)
37
Calculate 30 + (19 - 65) + -44 + 8.
-52
Evaluate (70 - (-6 + 4) - (-15 - (12 + -17))) + -11.
71
69 - (15 - (18 - 48))
24
Calculate -10 - ((-11 - 11) + 4 + 14).
-6
Evaluate 89 + ((11 - (17 + 3)) + -7 - 0).
73
Calculate 9 - (103 + -83) - (0 - 5).
-6
Calculate 36 - (13 + -24 + 10 + 20 + 4).
13
Evaluate (1 - -109 - 13) + 26 + (13 - 29).
107
What is 9 + 27 + -16 + 1 - (7 + 0)?
14
What is the value of (-2 - (-1 - 0)) + 25 + (-554 - -564)?
34
Evaluate (-10 - 0) + 6 + -22 + (1 - -7).
-18
What is the value of (79 - 131) + 13 + 71?
32
What is the value of 3 - (15 + (-2 - 2 - (55 + -56)))?
-9
Evaluate (-1 - -13) + (-2 - -65 - (-43 - (38 + -75))).
81
What is the value of (6 - -35) + -47 - 52?
-58
Calculate 6 + -1 + (-197 + (-65 - -128) - -32).
-97
16 - (-127 - -122 - (-22 + 2))
1
Calculate (1 - 0) + 40 + (-19 - 15) - 23.
-16
Evaluate 1 + 4 - (112 - (-3 - (7 - (-6 - -12)))).
-111
What is -9 + 16 - -32 - 15?
24
Calculate 26 - (1 + -14 + (-28 - -28) + 24 - 5).
20
Calculate 50 - 37 - 59 - 1.
-47
4 - (-24 + 1 - -5) - 4
18
What is -4 - -2 - (-2 + -4 + 16 + 81 + -76)?
-17
What is -4 - (19 + -12 + -9) - 11?
-13
What is 93 + 46 + -155 + 48?
32
Evaluate -47 - (-3 + -1) - (38 + -60 + 28).
-49
What is (-325 - -321) + 1 + (7 - (8 - 4)) + -7?
-7
Evaluate -45 + 118 - 92 - (1 - 11).
-9
Calculate (39 - (45 - (-3 - -19))) + (-4 - (2 + -97)).
101
-6 + 6 + (2 + 3 - 5) + 80 + -58
22
What is (112 - 149) + 15 + (0 - (4 + -3))?
-23
What is the value of (3 - 7) + -17 + 6?
-15
What is the value of -3 - ((11 + 2 - (-41 - -58)) + -49)?
50
Evaluate ((3 - 7) + -1 - (9 + -6 + -14)) + 6.
12
20 - ((-15 - (-39 - -11)) + (6 - 25))
26
0 - (4 + 0) - (87 + -14 + -6)
-71
-44 + 26 - 1 - 41
-60
Evaluate -27 + (30 - 14) + 2 + 119 - (-15 + 1).
124
Evaluate 85 - (-259 + 249) - (1 - 1 - -17).
78
What is -13 + 2 + -1 + (-22 + 6 + 5 - -6)?
-17
Evaluate 0 - -72 - (2223 + -2134).
-17
Calculate (-75 - ((2 + -16 - -19) + -16)) + -4.
-68
Calculate 116 + -92 - -81 - 113.
-8
-105 - (13 - ((2 - 1) + 15 + -5 - 0))
-107
What is the value of 14 + -23 + -35 + 36 + 54 + -1?
45
What is 11 + -1 + (24 - ((19 - 17) + 15 + 75))?
-58
What is (51 - (-88 + -21)) + -53 + (1 - 24)?
84
What is the value of -4 + 6 + 49 - 32 - (2 + -2)?
19
Evaluate 0 + (-43 - (9 + (-45 - -21))).
-28
Calculate -800 + 807 - (2 - 3).
8
Evaluate 12 + -131 - (-59 - -11) - ((-12 - 2) + 1).
-58
What is -32 - ((-33 - -33) + 1 + 36)?
-69
Evaluate -994 + 975 + (5 - -52) - (-2 + 1 + -5).
44
What is (-29 - 1) + 3 + (-13 - -14) + -108 + 99?
-35
What is (8 - (1 - -1)) + 1860 + -1853?
13
-167 - -140 - (-5 - (6 + 3))
-13
((8 - 9) + -26 + 7 - (0 - -13)) + -8
-41
Calculate -41 + 1 + 23 - (1 + 8 + -5).
-21
Evaluate (-1 - -52) + -21 + (27 - -1).
58
What is the value of 19 + (-9 - -51 - -33)?
94
Evaluate -1023 - -1014 - ((4 - 9) + -6 - 1).
3
-39 + -50 + 3 + (-9 - -7) + -2
-90
What is -21 + 2 + (-61 - -53)?
-27
What is the value of -383 - -347 - (-3 - -7 - 48)?
8
What is -1 - (4 + -12) - 19 - -15 - -7?
10